{"id":402,"date":"2021-03-12T15:55:02","date_gmt":"2021-03-12T14:55:02","guid":{"rendered":"https:\/\/www.asseslovakia.sk\/?page_id=402"},"modified":"2021-03-15T15:37:39","modified_gmt":"2021-03-15T14:37:39","slug":"o-socialnych-podnikoch","status":"publish","type":"page","link":"https:\/\/www.asseslovakia.sk\/?page_id=402","title":{"rendered":"O soci\u00e1lnych podnikoch"},"content":{"rendered":"\t\t<div data-elementor-type=\"wp-page\" data-elementor-id=\"402\" class=\"elementor elementor-402\">\n\t\t\t\t\t\t<div class=\"elementor-inner\">\n\t\t\t\t<div class=\"elementor-section-wrap\">\n\t\t\t\t\t\t\t\t\t<section class=\"elementor-section elementor-top-section elementor-element elementor-element-2ef14aff elementor-section-full_width elementor-section-height-default elementor-section-height-default\" data-id=\"2ef14aff\" data-element_type=\"section\" id=\"tmpl-contact\" data-settings=\"{&quot;background_background&quot;:&quot;classic&quot;}\">\n\t\t\t\t\t\t<div class=\"elementor-container elementor-column-gap-default\">\n\t\t\t\t\t\t\t<div class=\"elementor-row\">\n\t\t\t\t\t<div class=\"elementor-column elementor-col-100 elementor-top-column elementor-element elementor-element-12c28594\" data-id=\"12c28594\" data-element_type=\"column\">\n\t\t\t<div class=\"elementor-column-wrap elementor-element-populated\">\n\t\t\t\t\t\t\t<div class=\"elementor-widget-wrap\">\n\t\t\t\t\t\t<div class=\"elementor-element elementor-element-744ef0c elementor-widget elementor-widget-heading\" data-id=\"744ef0c\" data-element_type=\"widget\" data-widget_type=\"heading.default\">\n\t\t\t\t<div class=\"elementor-widget-container\">\n\t\t\t<h2 class=\"elementor-heading-title elementor-size-default\">O soci\u00e1lnych podnikoch<\/h2>\t\t<\/div>\n\t\t\t\t<\/div>\n\t\t\t\t\t\t<\/div>\n\t\t\t\t\t<\/div>\n\t\t<\/div>\n\t\t\t\t\t\t\t\t<\/div>\n\t\t\t\t\t<\/div>\n\t\t<\/section>\n\t\t\t\t<section class=\"elementor-section elementor-top-section elementor-element elementor-element-c740f28 elementor-section-full_width elementor-section-height-default elementor-section-height-default\" data-id=\"c740f28\" data-element_type=\"section\">\n\t\t\t\t\t\t<div class=\"elementor-container elementor-column-gap-default\">\n\t\t\t\t\t\t\t<div class=\"elementor-row\">\n\t\t\t\t\t<div class=\"elementor-column elementor-col-33 elementor-top-column elementor-element elementor-element-01788cf\" data-id=\"01788cf\" data-element_type=\"column\">\n\t\t\t<div class=\"elementor-column-wrap elementor-element-populated\">\n\t\t\t\t\t\t\t<div class=\"elementor-widget-wrap\">\n\t\t\t\t\t\t<div class=\"elementor-element elementor-element-eab01cb elementor-widget elementor-widget-image\" data-id=\"eab01cb\" data-element_type=\"widget\" data-widget_type=\"image.default\">\n\t\t\t\t<div class=\"elementor-widget-container\">\n\t\t\t\t\t\t\t\t<div class=\"elementor-image\">\n\t\t\t\t\t\t\t\t\t<figure class=\"wp-caption\">\n\t\t\t\t\t\t\t\t\t\t\t<a href=\"https:\/\/www.aktuality.sk\/clanok\/870418\/socialne-podniky-su-na-kolenach-moze-za-to-pandemia-aj-stat\/\">\n\t\t\t\t\t\t\t<img width=\"580\" height=\"326\" src=\"https:\/\/www.asseslovakia.sk\/wp-content\/uploads\/2021\/03\/TPIieFA8TrDYiT10gx1WlA.1280.jpeg\" class=\"attachment-large size-large wp-image-410\" alt=\"\" loading=\"lazy\" srcset=\"https:\/\/www.asseslovakia.sk\/wp-content\/uploads\/2021\/03\/TPIieFA8TrDYiT10gx1WlA.1280.jpeg 960w, https:\/\/www.asseslovakia.sk\/wp-content\/uploads\/2021\/03\/TPIieFA8TrDYiT10gx1WlA.1280-300x169.jpeg 300w, https:\/\/www.asseslovakia.sk\/wp-content\/uploads\/2021\/03\/TPIieFA8TrDYiT10gx1WlA.1280-768x432.jpeg 768w\" sizes=\"(max-width: 580px) 100vw, 580px\" \/>\t\t\t\t\t\t\t\t<\/a>\n\t\t\t\t\t\t\t\t\t\t\t<figcaption class=\"widget-image-caption wp-caption-text\">Soci\u00e1lne podniky s\u00fa na kolen\u00e1ch.  M\u00f4\u017ee za to pand\u00e9mia aj liknavos\u0165 \u0161t\u00e1tu<\/figcaption>\n\t\t\t\t\t\t\t\t\t\t<\/figure>\n\t\t\t\t\t\t\t\t<\/div>\n\t\t\t\t\t\t<\/div>\n\t\t\t\t<\/div>\n\t\t\t\t\t\t<\/div>\n\t\t\t\t\t<\/div>\n\t\t<\/div>\n\t\t\t\t<div class=\"elementor-column elementor-col-33 elementor-top-column elementor-element elementor-element-33ff8d1\" data-id=\"33ff8d1\" data-element_type=\"column\">\n\t\t\t<div class=\"elementor-column-wrap elementor-element-populated\">\n\t\t\t\t\t\t\t<div class=\"elementor-widget-wrap\">\n\t\t\t\t\t\t<div class=\"elementor-element elementor-element-dad7441 elementor-widget elementor-widget-image\" data-id=\"dad7441\" data-element_type=\"widget\" data-widget_type=\"image.default\">\n\t\t\t\t<div class=\"elementor-widget-container\">\n\t\t\t\t\t\t\t\t<div class=\"elementor-image\">\n\t\t\t\t\t\t\t\t\t<figure class=\"wp-caption\">\n\t\t\t\t\t\t\t\t\t\t\t<a href=\"https:\/\/e.dennikn.sk\/2301831\/ked-poslal-minister-kadernicky-pracovat-do-domacnosti-vedeli-ze-je-s-nimi-koniec\/\">\n\t\t\t\t\t\t\t<img width=\"580\" height=\"386\" src=\"https:\/\/www.asseslovakia.sk\/wp-content\/uploads\/2021\/03\/TBEN1161-1-1024x682.jpg\" class=\"attachment-large size-large wp-image-414\" alt=\"\" loading=\"lazy\" srcset=\"https:\/\/www.asseslovakia.sk\/wp-content\/uploads\/2021\/03\/TBEN1161-1-1024x682.jpg 1024w, https:\/\/www.asseslovakia.sk\/wp-content\/uploads\/2021\/03\/TBEN1161-1-300x200.jpg 300w, https:\/\/www.asseslovakia.sk\/wp-content\/uploads\/2021\/03\/TBEN1161-1-768x512.jpg 768w, https:\/\/www.asseslovakia.sk\/wp-content\/uploads\/2021\/03\/TBEN1161-1-1200x800.jpg 1200w, https:\/\/www.asseslovakia.sk\/wp-content\/uploads\/2021\/03\/TBEN1161-1.jpg 1280w\" sizes=\"(max-width: 580px) 100vw, 580px\" \/>\t\t\t\t\t\t\t\t<\/a>\n\t\t\t\t\t\t\t\t\t\t\t<figcaption class=\"widget-image-caption wp-caption-text\">Ke\u010f minister poslal kadern\u00ed\u010dky pracova\u0165 do dom\u00e1cnost\u00ed, vedeli, \u017ee je s nimi koniec<\/figcaption>\n\t\t\t\t\t\t\t\t\t\t<\/figure>\n\t\t\t\t\t\t\t\t<\/div>\n\t\t\t\t\t\t<\/div>\n\t\t\t\t<\/div>\n\t\t\t\t\t\t<\/div>\n\t\t\t\t\t<\/div>\n\t\t<\/div>\n\t\t\t\t<div class=\"elementor-column elementor-col-33 elementor-top-column elementor-element elementor-element-b396f55\" data-id=\"b396f55\" data-element_type=\"column\">\n\t\t\t<div class=\"elementor-column-wrap elementor-element-populated\">\n\t\t\t\t\t\t\t<div class=\"elementor-widget-wrap\">\n\t\t\t\t\t\t<div class=\"elementor-element elementor-element-752aa99 elementor-widget elementor-widget-image\" data-id=\"752aa99\" data-element_type=\"widget\" data-widget_type=\"image.default\">\n\t\t\t\t<div class=\"elementor-widget-container\">\n\t\t\t\t\t\t\t\t<div class=\"elementor-image\">\n\t\t\t\t\t\t\t\t\t<figure class=\"wp-caption\">\n\t\t\t\t\t\t\t\t\t\t\t<a href=\"https:\/\/videoarchiv.markiza.sk\/video\/televizne-noviny\/epizoda\/45881-televizne-noviny\">\n\t\t\t\t\t\t\t<img width=\"580\" height=\"332\" src=\"https:\/\/www.asseslovakia.sk\/wp-content\/uploads\/2021\/03\/Snimka-obrazovky-2021-03-15-o-15.36.39-1024x586.png\" class=\"attachment-large size-large wp-image-474\" alt=\"\" loading=\"lazy\" srcset=\"https:\/\/www.asseslovakia.sk\/wp-content\/uploads\/2021\/03\/Snimka-obrazovky-2021-03-15-o-15.36.39-1024x586.png 1024w, https:\/\/www.asseslovakia.sk\/wp-content\/uploads\/2021\/03\/Snimka-obrazovky-2021-03-15-o-15.36.39-300x172.png 300w, https:\/\/www.asseslovakia.sk\/wp-content\/uploads\/2021\/03\/Snimka-obrazovky-2021-03-15-o-15.36.39-768x440.png 768w, https:\/\/www.asseslovakia.sk\/wp-content\/uploads\/2021\/03\/Snimka-obrazovky-2021-03-15-o-15.36.39-1536x879.png 1536w, https:\/\/www.asseslovakia.sk\/wp-content\/uploads\/2021\/03\/Snimka-obrazovky-2021-03-15-o-15.36.39-1200x687.png 1200w, https:\/\/www.asseslovakia.sk\/wp-content\/uploads\/2021\/03\/Snimka-obrazovky-2021-03-15-o-15.36.39.png 1946w\" sizes=\"(max-width: 580px) 100vw, 580px\" \/>\t\t\t\t\t\t\t\t<\/a>\n\t\t\t\t\t\t\t\t\t\t\t<figcaption class=\"widget-image-caption wp-caption-text\">(37:50) - T\u00e9ma socialnych podnikov<\/figcaption>\n\t\t\t\t\t\t\t\t\t\t<\/figure>\n\t\t\t\t\t\t\t\t<\/div>\n\t\t\t\t\t\t<\/div>\n\t\t\t\t<\/div>\n\t\t\t\t\t\t<\/div>\n\t\t\t\t\t<\/div>\n\t\t<\/div>\n\t\t\t\t\t\t\t\t<\/div>\n\t\t\t\t\t<\/div>\n\t\t<\/section>\n\t\t\t\t\t\t\t\t\t<\/div>\n\t\t\t<\/div>\n\t\t\t\t\t<\/div>\n\t\t","protected":false},"excerpt":{"rendered":"<p>O soci\u00e1lnych podnikoch Soci\u00e1lne podniky s\u00fa na kolen\u00e1ch. M\u00f4\u017ee za to pand\u00e9mia aj liknavos\u0165 \u0161t\u00e1tu Ke\u010f minister poslal kadern\u00ed\u010dky pracova\u0165 do dom\u00e1cnost\u00ed, vedeli, \u017ee je s nimi koniec (37:50) &#8211; T\u00e9ma socialnych podnikov<\/p>\n","protected":false},"author":1,"featured_media":0,"parent":0,"menu_order":0,"comment_status":"closed","ping_status":"closed","template":"elementor_header_footer","meta":[],"_links":{"self":[{"href":"https:\/\/www.asseslovakia.sk\/index.php?rest_route=\/wp\/v2\/pages\/402"}],"collection":[{"href":"https:\/\/www.asseslovakia.sk\/index.php?rest_route=\/wp\/v2\/pages"}],"about":[{"href":"https:\/\/www.asseslovakia.sk\/index.php?rest_route=\/wp\/v2\/types\/page"}],"author":[{"embeddable":true,"href":"https:\/\/www.asseslovakia.sk\/index.php?rest_route=\/wp\/v2\/users\/1"}],"replies":[{"embeddable":true,"href":"https:\/\/www.asseslovakia.sk\/index.php?rest_route=%2Fwp%2Fv2%2Fcomments&post=402"}],"version-history":[{"count":6,"href":"https:\/\/www.asseslovakia.sk\/index.php?rest_route=\/wp\/v2\/pages\/402\/revisions"}],"predecessor-version":[{"id":480,"href":"https:\/\/www.asseslovakia.sk\/index.php?rest_route=\/wp\/v2\/pages\/402\/revisions\/480"}],"wp:attachment":[{"href":"https:\/\/www.asseslovakia.sk\/index.php?rest_route=%2Fwp%2Fv2%2Fmedia&parent=402"}],"curies":[{"name":"wp","href":"https:\/\/api.w.org\/{rel}","templated":true}]}}